ed by 4?
1
Let r(m) = 5*m**2 - 2*m + 5. What is the remainder when r(4) is divided by 0 + 264/20 + (-3)/15?
12
Suppose -3*g = -3*x - 228, -8*g + 5*x + 302 = -4*g. Suppose 0 = -5*y + 67 + 13. What is the remainder when g is divided by y?
14
Suppose -4*p = 0, -4*k = -3*k + p - 4. Suppose 5 + 1 = 2*f. Suppose 3*i + d = 4*d + 48, k*d + 53 = f*i. What is the remainder when i is divided by 3?
2
Suppose 138 = -3*m + 489. Let c = m + -114. What is the remainder when 6 is divided by c?
0
Let l = 92 - 90. Let p = 9 - 3. Let c = p - -3. Calculate the remainder when c is divided by l.
1
Let d be -14 - 1*4/(-1). What is the remainder when (d + 4)*19/(-6) is divided by 12?
7
Suppose -4*z - 3221 = -5*y, 0 = -3*y - 2*z + 874 + 1041. What is the remainder when y is divided by 28?
25
Suppose -3*l + 4*l - 5*u - 24 = 0, 4*u + 15 = 5*l. Let j = l + 57. Calculate the remainder when j is divided by 19.
18
Let q be ((-36)/4)/3 - -4. Calculate the remainder when 8 + q/(-3 - -2) is divided by 6.
1
Let o = 12 - 9. Suppose -3*u - o = 0, z - u - 8 = 4*u. Suppose -z*y = -1 - 8. What is the remainder when 11 is divided by y?
2
Let j = -397 - -607. What is the remainder when j is divided by 71?
68
Let m(w) = 104*w - 251. Let z = 4 - 6. What is the remainder when m(3) is divided by z - -1 - (0 - 22)?
19
Let s(w) = w**2 - 5*w - 14. Let l(q) = -20*q. Let n be l(-1). Let o = n + -12. What is the remainder when 39 is divided by s(o)?
9
Let v be (-3)/(-2) + 7/(-14). Let p = v - -7. Let q(y) = -y**3 + 9*y**2 - 8*y + 6. What is the remainder when q(p) is divided by 2?
0
Suppose -2*s + 6 + 0 = 0. Suppose -8*b = -3*b. Suppose 3*y + z + 2*z - 24 = 0, b = -5*y + 3*z + 8. What is the remainder when y is divided by s?
1
Let x = 1822 + -1700. Suppose 2*i - 5*i = -189. What is the remainder when x is divided by i?
59
Suppose 0 = 3*q - 1263 + 393. Calculate the remainder when q is divided by 98.
94
Let c = -101 - -139. Calculate the remainder when c is divided by 5.
3
Calculate the remainder when 85 is divided by (22/(-7))/((-69)/483).
19
Let f = 4 - 2. Suppose f = 5*w - 228. What is the remainder when w is divided by 10?
6
Let h = 141 - 92. Suppose h*n - 52*n + 12 = 0. What is the remainder when 5 is divided by n?
1
Let i be (-14)/(-5)*(12 + -2). Suppose 2*g - 16 = i. What is the remainder when 84 is divided by g?
18
Let u = 74 - 66. Suppose -u*l = -7*l - 27. What is the remainder when 75 is divided by l?
21
Let w(s) = s + 21. Let v = 5475 + -5469. Calculate the remainder when w(0) is divided by v.
3
Let v(p) = p + 26. Calculate the remainder when 226 is divided by v(12).
36
Let z(v) = -277*v + 4. Let a be z(-5). What is the remainder when a/9 - (-8)/12 is divided by 52?
51
Let d = 20 - 15. Suppose x = 2, 4*h - d*x = -5 - 25. Let r = 29 + h. What is the remainder when 45 is divided by r?
21
Suppose 23 = 4*a + 3. Suppose 0 = -d - 2*m - 17 - a, 5*d - 3*m = -58. Let c = d + 27. Calculate the remainder when 38 is divided by c.
12
Let o = 109 - 107. Suppose -6*z + 428 = -o*z. Calculate the remainder when z is divided by 55.
52
Let w = -1 + 3. Suppose -b = -2*x, 2*b - w - 1 = x. Suppose -4*p = -a - 4*a + 309, b*a - 121 = -p. What is the remainder when a is divided by 16?
13
Let t(x) = 3*x**2 + 22*x + 37. What is the remainder when t(-9) is divided by 43?
39
Let q(n) = n**3 - 16*n**2 + 15*n + 13. Let g be q(15). Suppose 11*z - g = 196. Calculate the remainder when z is divided by 8.
3
Let w = 64 - 75. Let i = 119 + w. What is the remainder when i is divided by 22?
20
Let i = -2 - -2. Suppose i*c = 3*c - 378. Suppose 11*y - 78 = 274. What is the remainder when c is divided by y?
30
Let i(x) = -12*x**2 + x - 2. Let p be i(1). Let y = p + 0. What is the remainder when (-3 - 0/1)*y is divided by 10?
9
Suppose 3*f + 2*f = 10. Let r = 18 - f. Let v = -24 - -33. Calculate the remainder when r is divided by v.
7
Suppose 4*m - 311 = 161. Let q = m + -83. What is the remainder when 103 is divided by q?
33
Suppose -5*k - i = -12 + 2, 0 = 2*k + i - 4. Suppose -k*m = 3*m - 30. What is the remainder when (-30)/(-8)*(-16)/(-6) is divided by m?
4
Suppose -81*t + 82*t - 22 = 0. What is the remainder when -3*(-86)/6 - 1 is divided by t?
20
Suppose 24*u = -11*u + 315. Calculate the remainder when 215 is divided by u.
8
Let z(y) = -y**3 + 8*y**2 + 46*y - 12. Calculate the remainder when z(11) is divided by 42.
5
Let p(w) = 8*w**2 - 2*w - 2. Suppose 3*a - 5 - 16 = y, 0 = -a - 2*y. Suppose a*q = 2*q + 120. What is the remainder when p(4) is divided by q?
28
Let f = 79 + -82. What is the remainder when 111 is divided by (-24 - -12)*4/f?
15
Let h(a) = -a**3 - 9*a**2 + 9*a - 3. Let m be h(-10). Suppose m*d - 8*d = -89. What is the remainder when d is divided by 13?
11
Suppose 2*x = -0*x - 18. Let i(k) = k**3 + 9*k**2 - 2*k + 6. Suppose 0*a - 87 = -2*j - 3*a, 2*a = 2*j - 92. Calculate the remainder when j is divided by i(x).
21
Let q = 214 + -195. Calculate the remainder when 24 is divided by q.
5
Let x = -3 + -3. Let b be (14/x)/((-2)/6). Suppose -3*a = -k - 23, -b*k = -2*k - 20. Calculate the remainder when 16 is divided by a.
7
What is the remainder when 5/(-60) - 11964/(-144) is divided by 38?
7
Let s = -43 + 29. Let i be 63/s*(-4)/3. Calculate the remainder when 9 is divided by (-10 - -9) + i*1.
4
Suppose -10*m + 28 = 4*m. Suppose 0 = 5*h + m*v + v - 173, -v = -3*h + 101. Calculate the remainder when 135 is divided by h.
33
Suppose 195 = -3*h + 3*q, -3*h + 8*h + 3*q = -317. Let p = h - -68. What is the remainder when 12 is divided by p?
0
Suppose 33*r = 15*r + 4932. Calculate the remainder when r is divided by 65.
14
Let h be (-1 - (-4 + 3))/3. Suppose -2*t - o + 3 = h, 0 = -3*o + 2*o - 3. Let g(b) = 11*b**2 + 4*b - 8. What is the remainder when g(t) is divided by 15?
13
Suppose -5*b - 2*z + 163 = 0, 3 + 105 = 4*b - 4*z. Suppose -b = -10*t + 9*t. Calculate the remainder when 61 is divided by t.
30
Suppose 458*l - 192 = 452*l. Calculate the remainder when l is divided by 13.
6
Suppose 2*o + 22 = 3*d, -d = -4*o + 2*o - 2. Calculate the remainder when ((-28)/(-5))/(2/10) is divided by d.
8
Let m = 519 + -494. Let r(y) = 4*y + 2. What is the remainder when m is divided by r(3)?
11
Let b = 21 + -4. Suppose 10 = -4*x - 2*w, x + 0*w = -5*w - 25. Suppose -5*s + r + 29 = x, -4*s + 20 = 4*r - 8. Calculate the remainder when b is divided by s.
5
Suppose 5*h - 17 = -4*i, -i - i + 7 = 3*h. What is the remainder when i/(-32) - 157/(-4) is divided by 20?
19
Let l = 589 - 266. What is the remainder when l is divided by 81?
80
Let j = 107 - 43. Suppose 0 = 4*w - 0*z + z - 44, w = 2*z + 11. What is the remainder when j is divided by w?
9
Suppose t = 3*t - 112. Suppose h + 3*h - q = t, 4*h - 3*q = 48. Calculate the remainder when h is divided by 4.
3
Suppose 10*d - 97 = -47. Calculate the remainder when (-12)/(-2 - -1) - -2 is divided by d.
4
Suppose -2*n - 3*q + 2 = -0*q, 4*q + 8 = 0. Suppose -n*y = -1 + 17. Let v = 10 + y. What is the remainder when 17 is divided by v?
5
Let a be (0 - -2) + 1 - 0. Suppose -4*b + a*t - 39 = -7*b, 7 = b - 2*t. Calculate the remainder when 20 is divided by b.
9
Let i = -48 - -111. Let z(n) = -n**3 - 8*n**2 - 5*n - 1. Let r be z(-4). Let u = i + r. Calculate the remainder when 33 is divided by u.
15
Suppose -344*d = -353*d + 99. Calculate the remainder when 131 is divided by d.
10
Let v be -3 + 0 + (-6)/(-3). Let g(x) = 41*x**2. Let y be g(v). Suppose 3*o - y = 16. Calculate the remainder when 56 is divided by o.
18
Let o = 171 + -124. Let t(l) = 8*l + 1. What is the remainder when o is divided by t(3)?
22
Let z = -7 - -16. Let o(u) = 4*u - 9. Suppose 5*q - 34 = -4*v, 2*v - 2 = -q + 6. Calculate the remainder when o(q) is divided by z.
6
Suppose 4*z + z = 20. Suppose -z*b - 8 = 0, -u - 2*b + 3*b + 16 = 0. Let c = -22 - -91. What is the remainder when c is divided by u?
13
Let o(k) = 2*k + 11. Let n be o(-6). Let m(j) = -j**2 + 1. Let c be m(n). What is the remainder when 18/(4/20 - c) is divided by 31?
28
Suppose 0 = -0*v - v - 4*b - 223, -407 = 2*v - 5*b. Let d = v + 328. Let p(z) = -z**2 - 5*z + 36. Calculate the remainder when d is divided by p(-6).
27
Let h(o) = o**3 + 89*o**2 + 90*o + 192. Let u(w) = -6*w - 3. Calculate the remainder when h(-88) is divided by u(-2).
7
Suppose 60*f - 72*f = -3132